216.244.66.245 - - [15/Jul/2019:12:52:50 -0700] "GET /self.logs/access.log.2015-03-05.gz HTTP/1.1" 404 250 "-" "Mozilla/5.0 (compatible; DotBot/1.1; http://www.opensiteexplorer.org/dotbot, help@moz.com)"
216.244.66.245 - - [15/Jul/2019:12:52:50 -0700] "GET /self.logs/access.log.2015-03-06.gz HTTP/1.1" 404 250 "-" "Mozilla/5.0 (compatible; DotBot/1.1; http://www.opensiteexplorer.org/dotbot, help@moz.com)"
216.244.66.245 - - [15/Jul/2019:12:52:51 -0700] "GET /self.logs/access.log.2015-03-07.gz HTTP/1.1" 404 250 "-" "Mozilla/5.0 (compatible; DotBot/1.1; http://www.opensiteexplorer.org/dotbot, help@moz.com)"
216.244.66.245 - - [15/Jul/2019:12:52:52 -0700] "GET /self.logs/access.log.2015-07-20.gz HTTP/1.1" 404 250 "-" "Mozilla/5.0 (compatible; DotBot/1.1; http://www.opensiteexplorer.org/dotbot, help@moz.com)"
216.244.66.245 - - [15/Jul/2019:12:52:53 -0700] "GET /self.logs/access.log.2015-08-11.gz HTTP/1.1" 404 250 "-" "Mozilla/5.0 (compatible; DotBot/1.1; http://www.opensiteexplorer.org/dotbot, help@moz.com)"
216.244.66.245 - - [15/Jul/2019:12:52:54 -0700] "GET /self.logs/access.log.2015-10-12.gz HTTP/1.1" 404 250 "-" "Mozilla/5.0 (compatible; DotBot/1.1; http://www.opensiteexplorer.org/dotbot, help@moz.com)"
216.244.66.245 - - [15/Jul/2019:12:52:55 -0700] "GET /self.logs/access.log.2015-11-06.gz HTTP/1.1" 404 250 "-" "Mozilla/5.0 (compatible; DotBot/1.1; http://www.opensiteexplorer.org/dotbot, help@moz.com)"
216.244.66.245 - - [15/Jul/2019:12:52:56 -0700] "GET /self.logs/access.log.2016-02-17.gz HTTP/1.1" 404 250 "-" "Mozilla/5.0 (compatible; DotBot/1.1; http://www.opensiteexplorer.org/dotbot, help@moz.com)"
216.244.66.245 - - [15/Jul/2019:12:52:57 -0700] "GET /self.logs/access.log.2016-08-20.gz HTTP/1.1" 404 250 "-" "Mozilla/5.0 (compatible; DotBot/1.1; http://www.opensiteexplorer.org/dotbot, help@moz.com)"
216.244.66.245 - - [15/Jul/2019:12:52:58 -0700] "GET /self.logs/access.log.2016-08-28.gz HTTP/1.1" 404 250 "-" "Mozilla/5.0 (compatible; DotBot/1.1; http://www.opensiteexplorer.org/dotbot, help@moz.com)"
216.244.66.245 - - [15/Jul/2019:12:52:59 -0700] "GET /self.logs/access.log.2016-10-01.gz HTTP/1.1" 404 250 "-" "Mozilla/5.0 (compatible; DotBot/1.1; http://www.opensiteexplorer.org/dotbot, help@moz.com)"
216.244.66.245 - - [15/Jul/2019:12:53:00 -0700] "GET /self.logs/error.log.2015-02-25.gz HTTP/1.1" 404 250 "-" "Mozilla/5.0 (compatible; DotBot/1.1; http://www.opensiteexplorer.org/dotbot, help@moz.com)"
216.244.66.245 - - [15/Jul/2019:12:53:01 -0700] "GET /self.logs/error.log.2015-07-28.gz HTTP/1.1" 404 250 "-" "Mozilla/5.0 (compatible; DotBot/1.1; http://www.opensiteexplorer.org/dotbot, help@moz.com)"
216.244.66.245 - - [15/Jul/2019:12:53:02 -0700] "GET /self.logs/error.log.2015-09-14.gz HTTP/1.1" 404 250 "-" "Mozilla/5.0 (compatible; DotBot/1.1; http://www.opensiteexplorer.org/dotbot, help@moz.com)"
216.244.66.245 - - [15/Jul/2019:12:53:02 -0700] "GET /self.logs/error.log.2015-10-14.gz HTTP/1.1" 404 250 "-" "Mozilla/5.0 (compatible; DotBot/1.1; http://www.opensiteexplorer.org/dotbot, help@moz.com)"
216.244.66.245 - - [15/Jul/2019:12:53:03 -0700] "GET /self.logs/error.log.2015-11-19.gz HTTP/1.1" 404 250 "-" "Mozilla/5.0 (compatible; DotBot/1.1; http://www.opensiteexplorer.org/dotbot, help@moz.com)"
46.229.168.143 - - [15/Jul/2019:12:55:21 -0700] "GET /robots.txt HTTP/1.1" 200 251 "-" "Mozilla/5.0 (compatible; SemrushBot/3~bl; +http://www.semrush.com/bot.html)"
46.229.168.154 - - [15/Jul/2019:12:55:21 -0700] "GET /Datasets%20Description/Network/http.html HTTP/1.1" 200 1593 "-" "Mozilla/5.0 (compatible; SemrushBot/3~bl; +http://www.semrush.com/bot.html)"
54.36.148.113 - - [15/Jul/2019:12:58:30 -0700] "GET /self.logs/?C=S;O=D HTTP/1.1" 200 19559 "-" "Mozilla/5.0 (compatible; AhrefsBot/6.1; +http://ahrefs.com/robot/)"
178.138.99.146 - - [15/Jul/2019:12:58:45 -0700] "GET / HTTP/1.1" 200 12539 "-" "Mozilla/5.0 (Linux; Android 4.4.4; SM-G318H Build/KTU84P) AppleWebKit/537.36 (KHTML, like Gecko) Chrome/40.0.2214.109 Mobile Safari/537.36"
178.138.99.146 - - [15/Jul/2019:12:58:46 -0700] "GET /twitter-icon.png HTTP/1.1" 200 27787 "http://www.secrepo.com/" "Mozilla/5.0 (Linux; Android 4.4.4; SM-G318H Build/KTU84P) AppleWebKit/537.36 (KHTML, like Gecko) Chrome/40.0.2214.109 Mobile Safari/537.36"
178.138.99.146 - - [15/Jul/2019:12:58:47 -0700] "GET /GitHub-Mark.png HTTP/1.1" 200 7450 "http://www.secrepo.com/" "Mozilla/5.0 (Linux; Android 4.4.4; SM-G318H Build/KTU84P) AppleWebKit/537.36 (KHTML, like Gecko) Chrome/40.0.2214.109 Mobile Safari/537.36"
178.138.99.146 - - [15/Jul/2019:12:58:54 -0700] "GET /bootstrap/img/favicon.ico HTTP/1.1" 200 624 "-" "Mozilla/5.0 (Linux; Android 4.4.4; SM-G318H Build/KTU84P) AppleWebKit/537.36 (KHTML, like Gecko) Chrome/40.0.2214.109 Mobile Safari/537.36"
178.138.99.146 - - [15/Jul/2019:12:59:09 -0700] "GET /maccdc2012/conn.log.gz HTTP/1.1" 200 57400 "-" "Mozilla/5.0 (Linux; Android 4.4.4; SM-G318H Build/KTU84P) AppleWebKit/537.36 (KHTML, like Gecko) Chrome/40.0.2214.109 Mobile Safari/537.36"
178.138.99.146 - - [15/Jul/2019:12:59:23 -0700] "GET /maccdc2012/conn.log.gz HTTP/1.1" 200 171977400 "" ""
172.93.51.252 - - [15/Jul/2019:13:01:03 -0700] "GET / HTTP/1.0" 301 438 "-" "Mozilla/5.0 (iPad; U; CPU OS 3_2 like Mac OS X; en-us) AppleWebKit/531.21.10 (KHTML, like Gecko) Version/4.0.4 Mobile/7B334b Safari/531.21.102011-10-16 20:23:10"
172.93.51.252 - - [15/Jul/2019:13:01:03 -0700] "GET / HTTP/1.0" 200 46409 "-" "Mozilla/5.0 (iPad; U; CPU OS 3_2 like Mac OS X; en-us) AppleWebKit/531.21.10 (KHTML, like Gecko) Version/4.0.4 Mobile/7B334b Safari/531.21.102011-10-16 20:23:10"
108.29.47.18 - - [15/Jul/2019:13:13:17 -0700] "GET / HTTP/1.1" 200 12538 "-" "Mozilla/5.0 (Macintosh; Intel Mac OS X 10_14_5) AppleWebKit/605.1.15 (KHTML, like Gecko) Version/12.1.1 Safari/605.1.15"
60.10.69.74 - - [15/Jul/2019:13:14:01 -0700] "OPTIONS / HTTP/1.1" 200 224 "-" "Mozilla/5.0 (Windows NT 6.2; WOW64) AppleWebKit/537.36 (KHTML, like Gecko) Chrome/29.0.1547.0 Safari/537.36"
216.244.66.245 - - [15/Jul/2019:13:16:09 -0700] "GET /robots.txt HTTP/1.1" 200 244 "-" "Mozilla/5.0 (compatible; DotBot/1.1; http://www.opensiteexplorer.org/dotbot, help@moz.com)"
40.77.167.29 - - [15/Jul/2019:13:16:29 -0700] "GET /Datasets%20Description/Network/dhcp.html HTTP/1.1" 200 1382 "-" "Mozilla/5.0 (compatible; bingbot/2.0; +http://www.bing.com/bingbot.htm)"
47.75.101.162 - - [15/Jul/2019:13:18:55 -0700] "GET / HTTP/1.1" 200 46446 "http://www.secrepo.com/" "Mozilla/5.0 (compatible; MSIE 9.0; Windows NT 6.1; Win64; x64; Trident/5.0)"
113.171.224.176 - - [15/Jul/2019:13:34:04 -0700] "GET /honeypot/Honeypot%20-%20Howto.pdf HTTP/1.1" 200 61320 "-" "Mozilla/5.0 Gecko/20100115 Firefox/3.6"
216.244.66.245 - - [15/Jul/2019:13:36:09 -0700] "GET /self.logs/access.log.2017-02-22.gz HTTP/1.1" 200 24262 "-" "Mozilla/5.0 (compatible; DotBot/1.1; http://www.opensiteexplorer.org/dotbot, help@moz.com)"
216.244.66.245 - - [15/Jul/2019:13:36:10 -0700] "GET /self.logs/access.log.2017-02-27.gz HTTP/1.1" 200 37659 "-" "Mozilla/5.0 (compatible; DotBot/1.1; http://www.opensiteexplorer.org/dotbot, help@moz.com)"
216.244.66.245 - - [15/Jul/2019:13:36:12 -0700] "GET /self.logs/access.log.2017-06-26.gz HTTP/1.1" 200 47543 "-" "Mozilla/5.0 (compatible; DotBot/1.1; http://www.opensiteexplorer.org/dotbot, help@moz.com)"
216.244.66.245 - - [15/Jul/2019:13:36:13 -0700] "GET /self.logs/access.log.2017-07-13.gz HTTP/1.1" 200 23043 "-" "Mozilla/5.0 (compatible; DotBot/1.1; http://www.opensiteexplorer.org/dotbot, help@moz.com)"
216.244.66.245 - - [15/Jul/2019:13:36:15 -0700] "GET /self.logs/access.log.2018-06-28.gz HTTP/1.1" 200 35414 "-" "Mozilla/5.0 (compatible; DotBot/1.1; http://www.opensiteexplorer.org/dotbot, help@moz.com)"
216.244.66.245 - - [15/Jul/2019:13:36:16 -0700] "GET /self.logs/error.log.2017-01-29.gz HTTP/1.1" 200 868 "-" "Mozilla/5.0 (compatible; DotBot/1.1; http://www.opensiteexplorer.org/dotbot, help@moz.com)"
216.244.66.245 - - [15/Jul/2019:13:36:17 -0700] "GET /self.logs/error.log.2017-02-01.gz HTTP/1.1" 200 780 "-" "Mozilla/5.0 (compatible; DotBot/1.1; http://www.opensiteexplorer.org/dotbot, help@moz.com)"
216.244.66.245 - - [15/Jul/2019:13:36:18 -0700] "GET /self.logs/error.log.2017-04-16.gz HTTP/1.1" 200 742 "-" "Mozilla/5.0 (compatible; DotBot/1.1; http://www.opensiteexplorer.org/dotbot, help@moz.com)"
216.244.66.245 - - [15/Jul/2019:13:36:20 -0700] "GET /self.logs/error.log.2017-07-10.gz HTTP/1.1" 200 585 "-" "Mozilla/5.0 (compatible; DotBot/1.1; http://www.opensiteexplorer.org/dotbot, help@moz.com)"
216.244.66.245 - - [15/Jul/2019:13:36:21 -0700] "GET /self.logs/error.log.2017-09-14.gz HTTP/1.1" 200 1822 "-" "Mozilla/5.0 (compatible; DotBot/1.1; http://www.opensiteexplorer.org/dotbot, help@moz.com)"
216.244.66.245 - - [15/Jul/2019:13:36:22 -0700] "GET /self.logs/error.log.2018-04-03.gz HTTP/1.1" 200 5866 "-" "Mozilla/5.0 (compatible; DotBot/1.1; http://www.opensiteexplorer.org/dotbot, help@moz.com)"
216.244.66.245 - - [15/Jul/2019:13:38:31 -0700] "GET /self.logs/access.log.2015-08-16.gz HTTP/1.1" 404 250 "-" "Mozilla/5.0 (compatible; DotBot/1.1; http://www.opensiteexplorer.org/dotbot, help@moz.com)"
216.244.66.245 - - [15/Jul/2019:13:38:32 -0700] "GET /self.logs/access.log.2015-11-20.gz HTTP/1.1" 404 250 "-" "Mozilla/5.0 (compatible; DotBot/1.1; http://www.opensiteexplorer.org/dotbot, help@moz.com)"
216.244.66.245 - - [15/Jul/2019:13:38:33 -0700] "GET /self.logs/access.log.2015-11-26.gz HTTP/1.1" 404 250 "-" "Mozilla/5.0 (compatible; DotBot/1.1; http://www.opensiteexplorer.org/dotbot, help@moz.com)"
216.244.66.245 - - [15/Jul/2019:13:38:34 -0700] "GET /self.logs/access.log.2016-04-30.gz HTTP/1.1" 404 250 "-" "Mozilla/5.0 (compatible; DotBot/1.1; http://www.opensiteexplorer.org/dotbot, help@moz.com)"
216.244.66.245 - - [15/Jul/2019:13:38:35 -0700] "GET /self.logs/access.log.2016-10-19.gz HTTP/1.1" 404 250 "-" "Mozilla/5.0 (compatible; DotBot/1.1; http://www.opensiteexplorer.org/dotbot, help@moz.com)"
216.244.66.245 - - [15/Jul/2019:13:38:36 -0700] "GET /self.logs/access.log.2016-11-20.gz HTTP/1.1" 404 250 "-" "Mozilla/5.0 (compatible; DotBot/1.1; http://www.opensiteexplorer.org/dotbot, help@moz.com)"
216.244.66.245 - - [15/Jul/2019:13:38:37 -0700] "GET /self.logs/access.log.2016-12-05.gz HTTP/1.1" 404 250 "-" "Mozilla/5.0 (compatible; DotBot/1.1; http://www.opensiteexplorer.org/dotbot, help@moz.com)"
216.244.66.245 - - [15/Jul/2019:13:38:38 -0700] "GET /self.logs/error.log.2015-03-24.gz HTTP/1.1" 404 250 "-" "Mozilla/5.0 (compatible; DotBot/1.1; http://www.opensiteexplorer.org/dotbot, help@moz.com)"
216.244.66.245 - - [15/Jul/2019:13:38:39 -0700] "GET /self.logs/error.log.2015-10-15.gz HTTP/1.1" 404 250 "-" "Mozilla/5.0 (compatible; DotBot/1.1; http://www.opensiteexplorer.org/dotbot, help@moz.com)"
216.244.66.245 - - [15/Jul/2019:13:38:39 -0700] "GET /self.logs/error.log.2015-10-30.gz HTTP/1.1" 404 250 "-" "Mozilla/5.0 (compatible; DotBot/1.1; http://www.opensiteexplorer.org/dotbot, help@moz.com)"
216.244.66.245 - - [15/Jul/2019:13:38:40 -0700] "GET /self.logs/error.log.2016-09-08.gz HTTP/1.1" 404 250 "-" "Mozilla/5.0 (compatible; DotBot/1.1; http://www.opensiteexplorer.org/dotbot, help@moz.com)"
216.244.66.245 - - [15/Jul/2019:13:38:41 -0700] "GET /self.logs/error.log.2016-09-17.gz HTTP/1.1" 404 250 "-" "Mozilla/5.0 (compatible; DotBot/1.1; http://www.opensiteexplorer.org/dotbot, help@moz.com)"
216.244.66.245 - - [15/Jul/2019:13:38:42 -0700] "GET /self.logs/error.log.2016-11-04.gz HTTP/1.1" 404 250 "-" "Mozilla/5.0 (compatible; DotBot/1.1; http://www.opensiteexplorer.org/dotbot, help@moz.com)"
157.55.39.47 - - [15/Jul/2019:13:44:34 -0700] "GET /robots.txt HTTP/1.1" 200 288 "-" "Mozilla/5.0 (compatible; bingbot/2.0; +http://www.bing.com/bingbot.htm)"
207.46.13.205 - - [15/Jul/2019:13:44:37 -0700] "GET /self.logs/error.log.2018-10-08.gz HTTP/1.1" 304 175 "-" "Mozilla/5.0 (compatible; bingbot/2.0; +http://www.bing.com/bingbot.htm)"
54.221.148.14 - - [15/Jul/2019:13:46:51 -0700] "GET /ads.txt HTTP/1.1" 301 452 "-" "Magic Browser"
54.221.148.14 - - [15/Jul/2019:13:46:51 -0700] "GET /ads.txt HTTP/1.1" 404 257 "-" "Magic Browser"
54.221.148.14 - - [15/Jul/2019:13:46:51 -0700] "GET / HTTP/1.1" 301 475 "-" "python-requests/2.22.0"
54.221.148.14 - - [15/Jul/2019:13:46:51 -0700] "GET / HTTP/1.1" 200 12538 "-" "python-requests/2.22.0"
119.23.188.202 - - [15/Jul/2019:13:58:28 -0700] "GET / HTTP/1.1" 200 46446 "http://www.secrepo.com/" "Mozilla/5.0 (compatible; MSIE 9.0; Windows NT 6.1; Win64; x64; Trident/5.0)"
108.5.124.53 - - [15/Jul/2019:14:02:01 -0700] "GET / HTTP/1.1" 200 12538 "-" "Mozilla/5.0 (iPhone; CPU iPhone OS 12_3_1 like Mac OS X) AppleWebKit/605.1.15 (KHTML, like Gecko) Version/12.1.1 Mobile/15E148 Safari/604.1"
108.5.124.53 - - [15/Jul/2019:14:02:01 -0700] "GET /twitter-icon.png HTTP/1.1" 200 27787 "http://www.secrepo.com/" "Mozilla/5.0 (iPhone; CPU iPhone OS 12_3_1 like Mac OS X) AppleWebKit/605.1.15 (KHTML, like Gecko) Version/12.1.1 Mobile/15E148 Safari/604.1"
108.5.124.53 - - [15/Jul/2019:14:02:01 -0700] "GET /GitHub-Mark.png HTTP/1.1" 200 7450 "http://www.secrepo.com/" "Mozilla/5.0 (iPhone; CPU iPhone OS 12_3_1 like Mac OS X) AppleWebKit/605.1.15 (KHTML, like Gecko) Version/12.1.1 Mobile/15E148 Safari/604.1"
108.5.124.53 - - [15/Jul/2019:14:02:01 -0700] "GET /bootstrap/img/favicon.ico HTTP/1.1" 200 624 "http://www.secrepo.com/" "Mozilla/5.0 (iPhone; CPU iPhone OS 12_3_1 like Mac OS X) AppleWebKit/605.1.15 (KHTML, like Gecko) Version/12.1.1 Mobile/15E148 Safari/604.1"
216.244.66.245 - - [15/Jul/2019:14:02:20 -0700] "GET /robots.txt HTTP/1.1" 200 244 "-" "Mozilla/5.0 (compatible; DotBot/1.1; http://www.opensiteexplorer.org/dotbot, help@moz.com)"
216.244.66.245 - - [15/Jul/2019:14:10:48 -0700] "GET /self.logs/access.log.2019-07-02.gz HTTP/1.1" 200 29075 "-" "Mozilla/5.0 (compatible; DotBot/1.1; http://www.opensiteexplorer.org/dotbot, help@moz.com)"
178.137.87.154 - - [15/Jul/2019:14:13:35 -0700] "GET / HTTP/1.1" 200 46402 "https://www.vzlomtw.com/" "Mozilla/4.0 (compatible; MSIE 6.0; MSIE 5.5; Windows NT 5.0) Opera 7.02 Bork-edition [en]"
178.137.87.154 - - [15/Jul/2019:14:13:36 -0700] "GET / HTTP/1.1" 200 46402 "https://www.vzlomtw.com/" "Mozilla/4.0 (compatible; MSIE 6.0; MSIE 5.5; Windows NT 5.0) Opera 7.02 Bork-edition [en]"
178.137.87.154 - - [15/Jul/2019:14:13:37 -0700] "GET / HTTP/1.1" 200 46402 "https://www.vzlomtw.com/" "Mozilla/4.0 (compatible; MSIE 6.0; MSIE 5.5; Windows NT 5.0) Opera 7.02 Bork-edition [en]"
66.249.93.49 - - [15/Jul/2019:14:18:13 -0700] "GET / HTTP/1.1" 200 12539 "-" "Mozilla/5.0 (X11; Linux x86_64) AppleWebKit/537.36 (KHTML, like Gecko) Chrome/49.0.2623.75 Safari/537.36 Google Favicon"
66.249.93.51 - - [15/Jul/2019:14:18:13 -0700] "GET /bootstrap/img/favicon.ico HTTP/1.1" 200 624 "-" "Mozilla/5.0 (X11; Linux x86_64) AppleWebKit/537.36 (KHTML, like Gecko) Chrome/49.0.2623.75 Safari/537.36 Google Favicon"
40.77.167.176 - - [15/Jul/2019:14:18:48 -0700] "GET /self.logs/error.log.2019-07-12.gz HTTP/1.1" 200 1061 "-" "Mozilla/5.0 (compatible; bingbot/2.0; +http://www.bing.com/bingbot.htm)"
216.244.66.245 - - [15/Jul/2019:14:21:50 -0700] "GET /self.logs/access.log.2017-01-24.gz HTTP/1.1" 200 16964 "-" "Mozilla/5.0 (compatible; DotBot/1.1; http://www.opensiteexplorer.org/dotbot, help@moz.com)"
216.244.66.245 - - [15/Jul/2019:14:21:52 -0700] "GET /self.logs/access.log.2017-03-18.gz HTTP/1.1" 200 10434 "-" "Mozilla/5.0 (compatible; DotBot/1.1; http://www.opensiteexplorer.org/dotbot, help@moz.com)"
216.244.66.245 - - [15/Jul/2019:14:21:54 -0700] "GET /self.logs/access.log.2017-04-03.gz HTTP/1.1" 200 33739 "-" "Mozilla/5.0 (compatible; DotBot/1.1; http://www.opensiteexplorer.org/dotbot, help@moz.com)"
216.244.66.245 - - [15/Jul/2019:14:21:55 -0700] "GET /self.logs/access.log.2017-10-07.gz HTTP/1.1" 200 26373 "-" "Mozilla/5.0 (compatible; DotBot/1.1; http://www.opensiteexplorer.org/dotbot, help@moz.com)"
216.244.66.245 - - [15/Jul/2019:14:21:57 -0700] "GET /self.logs/error.log.2017-06-30.gz HTTP/1.1" 200 1159 "-" "Mozilla/5.0 (compatible; DotBot/1.1; http://www.opensiteexplorer.org/dotbot, help@moz.com)"
216.244.66.245 - - [15/Jul/2019:14:21:58 -0700] "GET /self.logs/error.log.2017-08-18.gz HTTP/1.1" 200 767 "-" "Mozilla/5.0 (compatible; DotBot/1.1; http://www.opensiteexplorer.org/dotbot, help@moz.com)"
216.244.66.245 - - [15/Jul/2019:14:24:23 -0700] "GET /self.logs/access.log.2015-03-29.gz HTTP/1.1" 404 250 "-" "Mozilla/5.0 (compatible; DotBot/1.1; http://www.opensiteexplorer.org/dotbot, help@moz.com)"
216.244.66.245 - - [15/Jul/2019:14:24:24 -0700] "GET /self.logs/access.log.2016-06-16.gz HTTP/1.1" 404 250 "-" "Mozilla/5.0 (compatible; DotBot/1.1; http://www.opensiteexplorer.org/dotbot, help@moz.com)"
216.244.66.245 - - [15/Jul/2019:14:24:26 -0700] "GET /self.logs/error.log.2015-01-20.gz HTTP/1.1" 404 250 "-" "Mozilla/5.0 (compatible; DotBot/1.1; http://www.opensiteexplorer.org/dotbot, help@moz.com)"
216.244.66.245 - - [15/Jul/2019:14:24:27 -0700] "GET /self.logs/error.log.2015-06-03.gz HTTP/1.1" 404 250 "-" "Mozilla/5.0 (compatible; DotBot/1.1; http://www.opensiteexplorer.org/dotbot, help@moz.com)"
216.244.66.245 - - [15/Jul/2019:14:24:28 -0700] "GET /self.logs/error.log.2016-02-10.gz HTTP/1.1" 404 250 "-" "Mozilla/5.0 (compatible; DotBot/1.1; http://www.opensiteexplorer.org/dotbot, help@moz.com)"
216.244.66.245 - - [15/Jul/2019:14:24:29 -0700] "GET /self.logs/error.log.2016-08-14.gz HTTP/1.1" 404 250 "-" "Mozilla/5.0 (compatible; DotBot/1.1; http://www.opensiteexplorer.org/dotbot, help@moz.com)"
91.234.194.246 - - [15/Jul/2019:14:26:24 -0700] "GET /wp-login.php HTTP/1.1" 301 462 "-" "Mozilla/5.0 (X11; Ubuntu; Linux x86_64; rv:62.0) Gecko/20100101 Firefox/62.0"
91.234.194.246 - - [15/Jul/2019:14:26:24 -0700] "GET /wp-login.php HTTP/1.1" 404 257 "http://secrepo.com/wp-login.php" "Mozilla/5.0 (X11; Ubuntu; Linux x86_64; rv:62.0) Gecko/20100101 Firefox/62.0"
157.55.39.245 - - [15/Jul/2019:14:26:58 -0700] "GET /self.logs/2015/ HTTP/1.1" 200 7542 "-" "Mozilla/5.0 (compatible; bingbot/2.0; +http://www.bing.com/bingbot.htm)"
23.253.92.35 - - [15/Jul/2019:14:32:34 -0700] "GET /robots.txt HTTP/1.1" 301 439 "-" "Tornado-Async-Client"
23.253.92.35 - - [15/Jul/2019:14:32:34 -0700] "GET /robots.txt HTTP/1.1" 304 128 "-" "Tornado-Async-Client"
23.253.92.35 - - [15/Jul/2019:14:32:34 -0700] "GET /honeypot/BSidesDFW%20-%202014.ipynb HTTP/1.1" 301 481 "-" "Tornado-Async-Client"
157.55.39.47 - - [15/Jul/2019:14:34:48 -0700] "GET /robots.txt HTTP/1.1" 301 495 "-" "Mozilla/5.0 (compatible; bingbot/2.0; +http://www.bing.com/bingbot.htm)"
157.55.39.47 - - [15/Jul/2019:14:34:48 -0700] "GET /robots.txt HTTP/1.1" 200 288 "-" "Mozilla/5.0 (compatible; bingbot/2.0; +http://www.bing.com/bingbot.htm)"
157.55.39.245 - - [15/Jul/2019:14:34:54 -0700] "GET /self.logs/access.log.2017-05-29.gz HTTP/1.1" 301 543 "-" "Mozilla/5.0 (compatible; bingbot/2.0; +http://www.bing.com/bingbot.htm)"
98.227.64.167 - - [15/Jul/2019:14:36:57 -0700] "GET /robots.txt HTTP/1.1" 200 288 "-" "Mozilla/5.0 (Windows NT 6.1; Win64; x64) AppleWebKit/537.36 (KHTML, like Gecko) Chrome/75.0.3770.100 Safari/537.36"
113.171.224.176 - - [15/Jul/2019:14:38:10 -0700] "GET /honeypot/Honeypot%20-%20Howto.pdf HTTP/1.1" 200 61320 "-" "Mozilla/5.0 Gecko/20100115 Firefox/3.6"
192.46.52.12 - - [15/Jul/2019:14:43:54 -0700] "GET / HTTP/1.1" 200 12538 "-" "Mozilla/5.0 (Windows NT 10.0; Win64; x64) AppleWebKit/537.36 (KHTML, like Gecko) Chrome/58.0.3029.110 Safari/537.36 Edge/16.16299"
192.46.52.12 - - [15/Jul/2019:14:43:54 -0700] "GET /twitter-icon.png HTTP/1.1" 200 27810 "http://www.secrepo.com/" "Mozilla/5.0 (Windows NT 10.0; Win64; x64) AppleWebKit/537.36 (KHTML, like Gecko) Chrome/58.0.3029.110 Safari/537.36 Edge/16.16299"
192.46.52.12 - - [15/Jul/2019:14:43:54 -0700] "GET /GitHub-Mark.png HTTP/1.1" 200 7427 "http://www.secrepo.com/" "Mozilla/5.0 (Windows NT 10.0; Win64; x64) AppleWebKit/537.36 (KHTML, like Gecko) Chrome/58.0.3029.110 Safari/537.36 Edge/16.16299"
192.46.52.12 - - [15/Jul/2019:14:43:55 -0700] "GET /bootstrap/img/favicon.ico HTTP/1.1" 200 624 "-" "Mozilla/5.0 (Windows NT 10.0; Win64; x64) AppleWebKit/537.36 (KHTML, like Gecko) Chrome/58.0.3029.110 Safari/537.36 Edge/16.16299"
192.46.52.12 - - [15/Jul/2019:14:45:21 -0700] "GET /maccdc2012/dhcp.log.gz HTTP/1.1" 200 44872 "http://www.secrepo.com/" "Mozilla/5.0 (Windows NT 10.0; Win64; x64) AppleWebKit/537.36 (KHTML, like Gecko) Chrome/58.0.3029.110 Safari/537.36 Edge/16.16299"
216.244.66.245 - - [15/Jul/2019:14:46:14 -0700] "GET /self.logs/access.log.2019-07-02.gz HTTP/1.1" 200 29075 "-" "Mozilla/5.0 (compatible; DotBot/1.1; http://www.opensiteexplorer.org/dotbot, help@moz.com)"
14.215.176.16 - - [15/Jul/2019:14:48:33 -0700] "GET / HTTP/1.1" 200 12538 "http://www.baidu.com/s?wd=anglecfp" "Mozilla/5.0 (Windows NT 6.1; WOW64; rv:43.0) Gecko/20100101 Firefox/43.0"
100.43.85.201 - - [15/Jul/2019:14:49:48 -0700] "GET /robots.txt HTTP/1.1" 200 288 "-" "Mozilla/5.0 (compatible; YandexBot/3.0; +http://yandex.com/bots)"
100.43.85.201 - - [15/Jul/2019:14:49:52 -0700] "GET /honeypot/BSidesDFW%20-%202014.ipynb HTTP/1.1" 200 217140 "-" "Mozilla/5.0 (compatible; YandexBot/3.0; +http://yandex.com/bots)"
139.129.98.166 - - [15/Jul/2019:14:50:27 -0700] "GET / HTTP/1.1" 200 46446 "http://www.secrepo.com/" "Mozilla/5.0 (compatible; MSIE 9.0; Windows NT 6.1; Win64; x64; Trident/5.0)"
216.244.66.245 - - [15/Jul/2019:14:57:16 -0700] "GET /self.logs/access.log.2017-01-24.gz HTTP/1.1" 200 16964 "-" "Mozilla/5.0 (compatible; DotBot/1.1; http://www.opensiteexplorer.org/dotbot, help@moz.com)"
216.244.66.245 - - [15/Jul/2019:14:57:18 -0700] "GET /self.logs/access.log.2017-03-18.gz HTTP/1.1" 200 10434 "-" "Mozilla/5.0 (compatible; DotBot/1.1; http://www.opensiteexplorer.org/dotbot, help@moz.com)"
216.244.66.245 - - [15/Jul/2019:14:57:20 -0700] "GET /self.logs/access.log.2017-04-03.gz HTTP/1.1" 200 33739 "-" "Mozilla/5.0 (compatible; DotBot/1.1; http://www.opensiteexplorer.org/dotbot, help@moz.com)"
216.244.66.245 - - [15/Jul/2019:14:57:22 -0700] "GET /self.logs/access.log.2017-10-07.gz HTTP/1.1" 200 26373 "-" "Mozilla/5.0 (compatible; DotBot/1.1; http://www.opensiteexplorer.org/dotbot, help@moz.com)"
216.244.66.245 - - [15/Jul/2019:14:57:23 -0700] "GET /self.logs/error.log.2017-06-30.gz HTTP/1.1" 200 1159 "-" "Mozilla/5.0 (compatible; DotBot/1.1; http://www.opensiteexplorer.org/dotbot, help@moz.com)"
216.244.66.245 - - [15/Jul/2019:14:57:25 -0700] "GET /self.logs/error.log.2017-08-18.gz HTTP/1.1" 200 767 "-" "Mozilla/5.0 (compatible; DotBot/1.1; http://www.opensiteexplorer.org/dotbot, help@moz.com)"
91.242.162.86 - - [15/Jul/2019:14:57:51 -0700] "GET /robots.txt HTTP/1.1" 200 244 "-" "Mozilla/5.0 (compatible; Qwantify/Bleriot/1.1; +https://help.qwant.com/bot)"
207.46.13.142 - - [15/Jul/2019:14:58:06 -0700] "GET /robots.txt HTTP/1.1" 200 288 "-" "Mozilla/5.0 (compatible; bingbot/2.0; +http://www.bing.com/bingbot.htm)"
40.77.167.176 - - [15/Jul/2019:14:58:11 -0700] "GET /self.logs/access.log.2017-05-02.gz HTTP/1.1" 200 17824 "-" "Mozilla/5.0 (compatible; bingbot/2.0; +http://www.bing.com/bingbot.htm)"
216.244.66.245 - - [15/Jul/2019:14:59:49 -0700] "GET /self.logs/access.log.2015-03-29.gz HTTP/1.1" 404 250 "-" "Mozilla/5.0 (compatible; DotBot/1.1; http://www.opensiteexplorer.org/dotbot, help@moz.com)"
216.244.66.245 - - [15/Jul/2019:14:59:51 -0700] "GET /self.logs/access.log.2016-06-16.gz HTTP/1.1" 404 250 "-" "Mozilla/5.0 (compatible; DotBot/1.1; http://www.opensiteexplorer.org/dotbot, help@moz.com)"
216.244.66.245 - - [15/Jul/2019:14:59:52 -0700] "GET /self.logs/error.log.2015-01-20.gz HTTP/1.1" 404 250 "-" "Mozilla/5.0 (compatible; DotBot/1.1; http://www.opensiteexplorer.org/dotbot, help@moz.com)"
216.244.66.245 - - [15/Jul/2019:14:59:53 -0700] "GET /self.logs/error.log.2015-06-03.gz HTTP/1.1" 404 250 "-" "Mozilla/5.0 (compatible; DotBot/1.1; http://www.opensiteexplorer.org/dotbot, help@moz.com)"
216.244.66.245 - - [15/Jul/2019:14:59:54 -0700] "GET /self.logs/error.log.2016-02-10.gz HTTP/1.1" 404 250 "-" "Mozilla/5.0 (compatible; DotBot/1.1; http://www.opensiteexplorer.org/dotbot, help@moz.com)"
216.244.66.245 - - [15/Jul/2019:14:59:55 -0700] "GET /self.logs/error.log.2016-08-14.gz HTTP/1.1" 404 250 "-" "Mozilla/5.0 (compatible; DotBot/1.1; http://www.opensiteexplorer.org/dotbot, help@moz.com)"
14.161.42.46 - - [15/Jul/2019:15:00:27 -0700] "GET /honeypot/Honeypot%20-%20Howto.pdf HTTP/1.0" 200 1279403 "http://www.secrepo.com/" "Mozilla/5.0 (Windows NT 10.0; WOW64) AppleWebKit/537.36 (KHTML, like Gecko) Chrome/56.0.2924.92 Safari/537.36 42885"
40.77.167.176 - - [15/Jul/2019:15:02:36 -0700] "GET /self.logs/access.log.2017-12-05.gz HTTP/1.1" 301 543 "-" "Mozilla/5.0 (compatible; bingbot/2.0; +http://www.bing.com/bingbot.htm)"
157.55.39.245 - - [15/Jul/2019:15:05:42 -0700] "GET /self.logs/access.log.2017-03-24.gz HTTP/1.1" 200 22844 "-" "Mozilla/5.0 (compatible; bingbot/2.0; +http://www.bing.com/bingbot.htm)"
91.242.162.131 - - [15/Jul/2019:15:08:14 -0700] "GET / HTTP/1.1" 200 46402 "-" "Mozilla/5.0 (compatible; Qwantify/Bleriot/1.1; +https://help.qwant.com/bot)"
66.249.65.98 - - [15/Jul/2019:15:10:59 -0700] "GET /robots.txt HTTP/1.1" 301 495 "-" "Mozilla/5.0 (compatible; Googlebot/2.1; +http://www.google.com/bot.html)"
66.249.65.173 - - [15/Jul/2019:15:10:59 -0700] "GET /robots.txt HTTP/1.1" 200 288 "-" "Mozilla/5.0 (compatible; Googlebot/2.1; +http://www.google.com/bot.html)"
66.249.65.126 - - [15/Jul/2019:15:10:59 -0700] "GET /ads.txt HTTP/1.1" 301 489 "-" "Mozilla/5.0 (compatible; Googlebot/2.1; +http://www.google.com/bot.html)"
123.101.177.59 - - [15/Jul/2019:15:21:11 -0700] "HEAD /data/admin/ver.txt HTTP/1.1" 404 275 "-" "-"
123.101.177.59 - - [15/Jul/2019:15:21:11 -0700] "HEAD /data/common.inc.php HTTP/1.1" 404 275 "-" "-"
216.244.66.245 - - [15/Jul/2019:15:24:05 -0700] "GET /robots.txt HTTP/1.1" 200 244 "-" "Mozilla/5.0 (compatible; DotBot/1.1; http://www.opensiteexplorer.org/dotbot, help@moz.com)"
157.55.39.245 - - [15/Jul/2019:15:30:31 -0700] "GET /self.logs/access.log.2018-07-07.gz HTTP/1.1" 200 72779 "-" "Mozilla/5.0 (compatible; bingbot/2.0; +http://www.bing.com/bingbot.htm)"
40.77.167.176 - - [15/Jul/2019:15:34:52 -0700] "GET /Datasets%20Description/Network/dns.html HTTP/1.1" 200 1464 "-" "Mozilla/5.0 (compatible; bingbot/2.0; +http://www.bing.com/bingbot.htm)"
113.171.224.176 - - [15/Jul/2019:15:42:59 -0700] "GET /honeypot/Honeypot%20-%20Howto.pdf HTTP/1.1" 200 61320 "-" "Mozilla/5.0 Gecko/20100115 Firefox/3.6"
216.244.66.245 - - [15/Jul/2019:15:44:04 -0700] "GET /self.logs/access.log.2017-04-11.gz HTTP/1.1" 200 32397 "-" "Mozilla/5.0 (compatible; DotBot/1.1; http://www.opensiteexplorer.org/dotbot, help@moz.com)"
216.244.66.245 - - [15/Jul/2019:15:44:06 -0700] "GET /self.logs/access.log.2017-04-13.gz HTTP/1.1" 200 23022 "-" "Mozilla/5.0 (compatible; DotBot/1.1; http://www.opensiteexplorer.org/dotbot, help@moz.com)"
216.244.66.245 - - [15/Jul/2019:15:44:07 -0700] "GET /self.logs/access.log.2017-06-10.gz HTTP/1.1" 200 19334 "-" "Mozilla/5.0 (compatible; DotBot/1.1; http://www.opensiteexplorer.org/dotbot, help@moz.com)"
216.244.66.245 - - [15/Jul/2019:15:44:08 -0700] "GET /self.logs/error.log.2017-02-13.gz HTTP/1.1" 200 983 "-" "Mozilla/5.0 (compatible; DotBot/1.1; http://www.opensiteexplorer.org/dotbot, help@moz.com)"
216.244.66.245 - - [15/Jul/2019:15:44:10 -0700] "GET /self.logs/error.log.2017-02-25.gz HTTP/1.1" 200 867 "-" "Mozilla/5.0 (compatible; DotBot/1.1; http://www.opensiteexplorer.org/dotbot, help@moz.com)"
216.244.66.245 - - [15/Jul/2019:15:44:11 -0700] "GET /self.logs/error.log.2017-05-18.gz HTTP/1.1" 200 783 "-" "Mozilla/5.0 (compatible; DotBot/1.1; http://www.opensiteexplorer.org/dotbot, help@moz.com)"
216.244.66.245 - - [15/Jul/2019:15:44:12 -0700] "GET /self.logs/error.log.2017-06-18.gz HTTP/1.1" 200 906 "-" "Mozilla/5.0 (compatible; DotBot/1.1; http://www.opensiteexplorer.org/dotbot, help@moz.com)"
216.244.66.245 - - [15/Jul/2019:15:44:14 -0700] "GET /self.logs/error.log.2017-06-21.gz HTTP/1.1" 200 848 "-" "Mozilla/5.0 (compatible; DotBot/1.1; http://www.opensiteexplorer.org/dotbot, help@moz.com)"
216.244.66.245 - - [15/Jul/2019:15:44:15 -0700] "GET /self.logs/error.log.2017-08-02.gz HTTP/1.1" 200 983 "-" "Mozilla/5.0 (compatible; DotBot/1.1; http://www.opensiteexplorer.org/dotbot, help@moz.com)"
216.244.66.245 - - [15/Jul/2019:15:44:16 -0700] "GET /self.logs/error.log.2017-08-26.gz HTTP/1.1" 200 425 "-" "Mozilla/5.0 (compatible; DotBot/1.1; http://www.opensiteexplorer.org/dotbot, help@moz.com)"
216.244.66.245 - - [15/Jul/2019:15:46:27 -0700] "GET /self.logs/access.log.2016-07-04.gz HTTP/1.1" 404 250 "-" "Mozilla/5.0 (compatible; DotBot/1.1; http://www.opensiteexplorer.org/dotbot, help@moz.com)"
216.244.66.245 - - [15/Jul/2019:15:46:28 -0700] "GET /self.logs/error.log.2015-12-05.gz HTTP/1.1" 404 250 "-" "Mozilla/5.0 (compatible; DotBot/1.1; http://www.opensiteexplorer.org/dotbot, help@moz.com)"
216.244.66.245 - - [15/Jul/2019:15:46:29 -0700] "GET /self.logs/error.log.2016-01-18.gz HTTP/1.1" 404 250 "-" "Mozilla/5.0 (compatible; DotBot/1.1; http://www.opensiteexplorer.org/dotbot, help@moz.com)"
216.244.66.245 - - [15/Jul/2019:15:46:30 -0700] "GET /self.logs/error.log.2016-03-09.gz HTTP/1.1" 404 250 "-" "Mozilla/5.0 (compatible; DotBot/1.1; http://www.opensiteexplorer.org/dotbot, help@moz.com)"
216.244.66.245 - - [15/Jul/2019:15:46:31 -0700] "GET /self.logs/error.log.2016-03-15.gz HTTP/1.1" 404 250 "-" "Mozilla/5.0 (compatible; DotBot/1.1; http://www.opensiteexplorer.org/dotbot, help@moz.com)"
216.244.66.245 - - [15/Jul/2019:15:46:32 -0700] "GET /self.logs/error.log.2016-03-22.gz HTTP/1.1" 404 250 "-" "Mozilla/5.0 (compatible; DotBot/1.1; http://www.opensiteexplorer.org/dotbot, help@moz.com)"
216.244.66.245 - - [15/Jul/2019:15:46:33 -0700] "GET /self.logs/error.log.2016-04-30.gz HTTP/1.1" 404 250 "-" "Mozilla/5.0 (compatible; DotBot/1.1; http://www.opensiteexplorer.org/dotbot, help@moz.com)"
199.58.86.209 - - [15/Jul/2019:15:47:40 -0700] "GET /robots.txt HTTP/1.1" 301 495 "-" "Mozilla/5.0 (compatible; MJ12bot/v1.4.8; http://mj12bot.com/)"
199.58.86.209 - - [15/Jul/2019:15:47:41 -0700] "GET /robots.txt HTTP/1.1" 200 288 "-" "Mozilla/5.0 (compatible; MJ12bot/v1.4.8; http://mj12bot.com/)"
199.58.86.209 - - [15/Jul/2019:15:47:44 -0700] "GET / HTTP/1.1" 301 419 "-" "Mozilla/5.0 (compatible; MJ12bot/v1.4.8; http://mj12bot.com/)"
199.58.86.209 - - [15/Jul/2019:15:47:46 -0700] "GET / HTTP/1.1" 200 46402 "-" "Mozilla/5.0 (compatible; MJ12bot/v1.4.8; http://mj12bot.com/)"
216.244.66.245 - - [15/Jul/2019:16:10:29 -0700] "GET /robots.txt HTTP/1.1" 200 244 "-" "Mozilla/5.0 (compatible; DotBot/1.1; http://www.opensiteexplorer.org/dotbot, help@moz.com)"
203.167.220.181 - - [15/Jul/2019:16:19:52 -0700] "GET / HTTP/1.1" 200 12539 "-" "Mozilla/5.0 (Windows NT 10.0; Win64; x64; rv:68.0) Gecko/20100101 Firefox/68.0"
203.167.220.181 - - [15/Jul/2019:16:19:53 -0700] "GET /twitter-icon.png HTTP/1.1" 200 27787 "http://www.secrepo.com/" "Mozilla/5.0 (Windows NT 10.0; Win64; x64; rv:68.0) Gecko/20100101 Firefox/68.0"
203.167.220.181 - - [15/Jul/2019:16:19:53 -0700] "GET /GitHub-Mark.png HTTP/1.1" 200 7450 "http://www.secrepo.com/" "Mozilla/5.0 (Windows NT 10.0; Win64; x64; rv:68.0) Gecko/20100101 Firefox/68.0"
203.167.220.181 - - [15/Jul/2019:16:19:53 -0700] "GET /bootstrap/img/favicon.ico HTTP/1.1" 200 601 "-" "Mozilla/5.0 (Windows NT 10.0; Win64; x64; rv:68.0) Gecko/20100101 Firefox/68.0"
34.83.9.11 - - [15/Jul/2019:16:24:21 -0700] "GET / HTTP/1.1" 200 46409 "-" "Mozilla/5.0 (Windows NT 10.0; Win64; x64; rv:56.0) Gecko/20100101 Firefox/56.0"
209.58.147.244 - - [15/Jul/2019:16:26:25 -0700] "GET / HTTP/1.1" 200 12539 "-" "Vienna/7074 (Macintosh; Intel macOS 10_13_6)"
216.244.66.245 - - [15/Jul/2019:16:32:02 -0700] "GET /self.logs/access.log.2018-06-23.gz HTTP/1.1" 200 16038 "-" "Mozilla/5.0 (compatible; DotBot/1.1; http://www.opensiteexplorer.org/dotbot, help@moz.com)"
216.244.66.245 - - [15/Jul/2019:16:32:05 -0700] "GET /self.logs/error.log.2018-03-20.gz HTTP/1.1" 200 4479 "-" "Mozilla/5.0 (compatible; DotBot/1.1; http://www.opensiteexplorer.org/dotbot, help@moz.com)"
216.244.66.245 - - [15/Jul/2019:16:32:07 -0700] "GET /self.logs/error.log.2018-09-22.gz HTTP/1.1" 200 4560 "-" "Mozilla/5.0 (compatible; DotBot/1.1; http://www.opensiteexplorer.org/dotbot, help@moz.com)"
207.46.13.205 - - [15/Jul/2019:16:46:54 -0700] "GET /self.logs/access.log.2017-01-21.gz HTTP/1.1" 200 19539 "-" "Mozilla/5.0 (compatible; bingbot/2.0; +http://www.bing.com/bingbot.htm)"
207.46.13.205 - - [15/Jul/2019:16:55:01 -0700] "GET /self.logs/access.log.2017-11-12.gz HTTP/1.1" 200 49306 "-" "Mozilla/5.0 (compatible; bingbot/2.0; +http://www.bing.com/bingbot.htm)"
216.244.66.245 - - [15/Jul/2019:16:56:30 -0700] "GET /robots.txt HTTP/1.1" 200 244 "-" "Mozilla/5.0 (compatible; DotBot/1.1; http://www.opensiteexplorer.org/dotbot, help@moz.com)"
113.171.224.176 - - [15/Jul/2019:17:00:04 -0700] "GET /honeypot/Honeypot%20-%20Howto.pdf HTTP/1.1" 200 61320 "-" "Mozilla/5.0 Gecko/20100115 Firefox/3.6"
216.244.66.245 - - [15/Jul/2019:17:04:05 -0700] "GET /self.logs/error.log.2019-07-01.gz HTTP/1.1" 200 2699 "-" "Mozilla/5.0 (compatible; DotBot/1.1; http://www.opensiteexplorer.org/dotbot, help@moz.com)"
157.55.39.245 - - [15/Jul/2019:17:13:07 -0700] "GET /self.logs/access.log.2017-04-03.gz HTTP/1.1" 200 33783 "-" "Mozilla/5.0 (compatible; bingbot/2.0; +http://www.bing.com/bingbot.htm)"
216.244.66.245 - - [15/Jul/2019:17:16:26 -0700] "GET /self.logs/access.log.2017-02-16.gz HTTP/1.1" 200 17494 "-" "Mozilla/5.0 (compatible; DotBot/1.1; http://www.opensiteexplorer.org/dotbot, help@moz.com)"
216.244.66.245 - - [15/Jul/2019:17:16:27 -0700] "GET /self.logs/access.log.2017-09-21.gz HTTP/1.1" 200 33161 "-" "Mozilla/5.0 (compatible; DotBot/1.1; http://www.opensiteexplorer.org/dotbot, help@moz.com)"
216.244.66.245 - - [15/Jul/2019:17:16:29 -0700] "GET /self.logs/access.log.2017-09-23.gz HTTP/1.1" 200 26048 "-" "Mozilla/5.0 (compatible; DotBot/1.1; http://www.opensiteexplorer.org/dotbot, help@moz.com)"
216.244.66.245 - - [15/Jul/2019:17:16:30 -0700] "GET /self.logs/access.log.2018-03-18.gz HTTP/1.1" 200 24833 "-" "Mozilla/5.0 (compatible; DotBot/1.1; http://www.opensiteexplorer.org/dotbot, help@moz.com)"
216.244.66.245 - - [15/Jul/2019:17:16:32 -0700] "GET /self.logs/access.log.2018-07-06.gz HTTP/1.1" 200 27905 "-" "Mozilla/5.0 (compatible; DotBot/1.1; http://www.opensiteexplorer.org/dotbot, help@moz.com)"
216.244.66.245 - - [15/Jul/2019:17:16:33 -0700] "GET /self.logs/error.log.2017-02-12.gz HTTP/1.1" 200 1074 "-" "Mozilla/5.0 (compatible; DotBot/1.1; http://www.opensiteexplorer.org/dotbot, help@moz.com)"
216.244.66.245 - - [15/Jul/2019:17:16:35 -0700] "GET /self.logs/error.log.2017-08-10.gz HTTP/1.1" 200 909 "-" "Mozilla/5.0 (compatible; DotBot/1.1; http://www.opensiteexplorer.org/dotbot, help@moz.com)"
216.244.66.245 - - [15/Jul/2019:17:16:36 -0700] "GET /self.logs/error.log.2018-06-21.gz HTTP/1.1" 200 5807 "-" "Mozilla/5.0 (compatible; DotBot/1.1; http://www.opensiteexplorer.org/dotbot, help@moz.com)"
40.77.167.176 - - [15/Jul/2019:17:17:20 -0700] "GET /self.logs/access.log.2018-03-28.gz HTTP/1.1" 301 543 "-" "Mozilla/5.0 (compatible; bingbot/2.0; +http://www.bing.com/bingbot.htm)"
17.58.103.141 - - [15/Jul/2019:17:18:02 -0700] "GET /self.logs HTTP/1.1" 301 439 "-" "Mozilla/5.0 (Macintosh; Intel Mac OS X 10_10_1) AppleWebKit/600.2.5 (KHTML, like Gecko) Version/8.0.2 Safari/600.2.5 (Applebot/0.1; +http://www.apple.com/go/applebot)"
17.58.103.141 - - [15/Jul/2019:17:18:02 -0700] "GET /self.logs/ HTTP/1.1" 200 16978 "-" "Mozilla/5.0 (Macintosh; Intel Mac OS X 10_10_1) AppleWebKit/600.2.5 (KHTML, like Gecko) Version/8.0.2 Safari/600.2.5 (Applebot/0.1; +http://www.apple.com/go/applebot)"
216.244.66.245 - - [15/Jul/2019:17:18:52 -0700] "GET /self.logs/access.log.2015-05-20.gz HTTP/1.1" 404 250 "-" "Mozilla/5.0 (compatible; DotBot/1.1; http://www.opensiteexplorer.org/dotbot, help@moz.com)"
216.244.66.245 - - [15/Jul/2019:17:18:53 -0700] "GET /self.logs/access.log.2015-08-31.gz HTTP/1.1" 404 250 "-" "Mozilla/5.0 (compatible; DotBot/1.1; http://www.opensiteexplorer.org/dotbot, help@moz.com)"
216.244.66.245 - - [15/Jul/2019:17:18:54 -0700] "GET /self.logs/access.log.2016-04-01.gz HTTP/1.1" 404 250 "-" "Mozilla/5.0 (compatible; DotBot/1.1; http://www.opensiteexplorer.org/dotbot, help@moz.com)"
216.244.66.245 - - [15/Jul/2019:17:18:55 -0700] "GET /self.logs/access.log.2016-09-22.gz HTTP/1.1" 404 250 "-" "Mozilla/5.0 (compatible; DotBot/1.1; http://www.opensiteexplorer.org/dotbot, help@moz.com)"
216.244.66.245 - - [15/Jul/2019:17:18:56 -0700] "GET /self.logs/access.log.2016-10-20.gz HTTP/1.1" 404 250 "-" "Mozilla/5.0 (compatible; DotBot/1.1; http://www.opensiteexplorer.org/dotbot, help@moz.com)"
216.244.66.245 - - [15/Jul/2019:17:18:57 -0700] "GET /self.logs/error.log.2015-08-24.gz HTTP/1.1" 404 250 "-" "Mozilla/5.0 (compatible; DotBot/1.1; http://www.opensiteexplorer.org/dotbot, help@moz.com)"
216.244.66.245 - - [15/Jul/2019:17:18:58 -0700] "GET /self.logs/error.log.2015-09-16.gz HTTP/1.1" 404 250 "-" "Mozilla/5.0 (compatible; DotBot/1.1; http://www.opensiteexplorer.org/dotbot, help@moz.com)"
216.244.66.245 - - [15/Jul/2019:17:18:59 -0700] "GET /self.logs/error.log.2015-09-22.gz HTTP/1.1" 404 250 "-" "Mozilla/5.0 (compatible; DotBot/1.1; http://www.opensiteexplorer.org/dotbot, help@moz.com)"
216.244.66.245 - - [15/Jul/2019:17:19:00 -0700] "GET /self.logs/error.log.2016-12-29.gz HTTP/1.1" 404 250 "-" "Mozilla/5.0 (compatible; DotBot/1.1; http://www.opensiteexplorer.org/dotbot, help@moz.com)"
46.229.168.142 - - [15/Jul/2019:17:20:39 -0700] "GET /Datasets%20Description/HTML_Bro_log_3/app_stats.html HTTP/1.1" 200 1475 "-" "Mozilla/5.0 (compatible; SemrushBot/3~bl; +http://www.semrush.com/bot.html)"
220.181.108.82 - - [15/Jul/2019:17:22:18 -0700] "GET / HTTP/1.1" 301 438 "-" "Mozilla/5.0 (compatible; Baiduspider/2.0; +http://www.baidu.com/search/spider.html)"
220.181.108.106 - - [15/Jul/2019:17:22:18 -0700] "GET / HTTP/1.1" 200 12502 "-" "Mozilla/5.0 (compatible; Baiduspider/2.0; +http://www.baidu.com/search/spider.html)"
64.233.172.51 - - [15/Jul/2019:17:28:22 -0700] "GET / HTTP/1.1" 200 12539 "-" "Mozilla/5.0 (X11; Linux x86_64) AppleWebKit/537.36 (KHTML, like Gecko) Chrome/49.0.2623.75 Safari/537.36 Google Favicon"
140.82.10.185 - - [15/Jul/2019:17:32:54 -0700] "GET / HTTP/1.0" 301 438 "-" "Mozilla/5.0 (iPad; U; CPU OS 3_2 like Mac OS X; en-us) AppleWebKit/531.21.10 (KHTML, like Gecko) Version/4.0.4 Mobile/7B334b Safari/531.21.102011-10-16 20:23:10"
140.82.10.185 - - [15/Jul/2019:17:32:54 -0700] "GET / HTTP/1.0" 200 46409 "-" "Mozilla/5.0 (iPad; U; CPU OS 3_2 like Mac OS X; en-us) AppleWebKit/531.21.10 (KHTML, like Gecko) Version/4.0.4 Mobile/7B334b Safari/531.21.102011-10-16 20:23:10"
54.36.150.137 - - [15/Jul/2019:17:38:49 -0700] "GET /self.logs/access.log.2019-06-28.gz HTTP/1.1" 200 36308 "-" "Mozilla/5.0 (compatible; AhrefsBot/6.1; +http://ahrefs.com/robot/)"
216.244.66.245 - - [15/Jul/2019:17:39:43 -0700] "GET /self.logs/error.log.2019-07-01.gz HTTP/1.1" 200 2699 "-" "Mozilla/5.0 (compatible; DotBot/1.1; http://www.opensiteexplorer.org/dotbot, help@moz.com)"
14.116.137.170 - - [15/Jul/2019:17:40:20 -0700] "GET / HTTP/1.1" 200 12501 "-" "Mozilla/5.0 (Linux; U; Android 9;zh-cn; INE-AL00 Build/HUAWEIINE-AL00) AppleWebKit/537.36 (KHTML, like Gecko)Version/4.0 Chrome/57.0.2987.132 MQQBrowser/8.1 Mobile Safari/537.36"
14.116.137.170 - - [15/Jul/2019:17:40:20 -0700] "GET /GitHub-Mark.png HTTP/1.1" 200 7406 "http://www.secrepo.com/" "Mozilla/5.0 (Linux; U; Android 9;zh-cn; INE-AL00 Build/HUAWEIINE-AL00) AppleWebKit/537.36 (KHTML, like Gecko)Version/4.0 Chrome/57.0.2987.132 MQQBrowser/8.1 Mobile Safari/537.36"
14.116.137.170 - - [15/Jul/2019:17:40:21 -0700] "GET /twitter-icon.png HTTP/1.1" 200 27766 "http://www.secrepo.com/" "Mozilla/5.0 (Linux; U; Android 9;zh-cn; INE-AL00 Build/HUAWEIINE-AL00) AppleWebKit/537.36 (KHTML, like Gecko)Version/4.0 Chrome/57.0.2987.132 MQQBrowser/8.1 Mobile Safari/537.36"
14.116.137.170 - - [15/Jul/2019:17:40:24 -0700] "GET /bootstrap/img/favicon.ico HTTP/1.1" 200 580 "http://www.secrepo.com/" "Mozilla/5.0 (Linux; U; Android 9;zh-cn; INE-AL00 Build/HUAWEIINE-AL00) AppleWebKit/537.36 (KHTML, like Gecko)Version/4.0 Chrome/57.0.2987.132 MQQBrowser/8.1 Mobile Safari/537.36"
54.36.150.74 - - [15/Jul/2019:17:47:54 -0700] "GET /self.logs/access.log.2019-06-30.gz HTTP/1.1" 200 24499 "-" "Mozilla/5.0 (compatible; AhrefsBot/6.1; +http://ahrefs.com/robot/)"
222.186.46.59 - - [15/Jul/2019:17:48:15 -0700] "GET / HTTP/1.1" 200 46446 "http://www.secrepo.com/" "Mozilla/4.0 (compatible; MSIE 9.0; Windows NT 6.1)"
222.186.46.59 - - [15/Jul/2019:17:48:16 -0700] "POST //data/cache/asd.php HTTP/1.1" 404 271 "http://www.secrepo.com//data/cache/asd.php" "Mozilla/4.0 (compatible; MSIE 9.0; Windows NT 6.1)"
222.186.46.59 - - [15/Jul/2019:17:48:16 -0700] "POST //config/AspCms_Config.asp HTTP/1.1" 404 271 "http://www.secrepo.com//config/AspCms_Config.asp" "Mozilla/4.0 (compatible; MSIE 9.0; Windows NT 6.1)"
222.186.46.59 - - [15/Jul/2019:17:48:16 -0700] "POST //plus/read.php HTTP/1.1" 404 271 "http://www.secrepo.com//plus/read.php" "Mozilla/4.0 (compatible; MSIE 9.0; Windows NT 6.1)"
222.186.46.59 - - [15/Jul/2019:17:48:17 -0700] "POST //lequ.php HTTP/1.1" 404 271 "http://www.secrepo.com//lequ.php" "Mozilla/4.0 (compatible; MSIE 9.0; Windows NT 6.1)"
222.186.46.59 - - [15/Jul/2019:17:48:17 -0700] "POST //plus/result.php HTTP/1.1" 404 271 "http://www.secrepo.com//plus/result.php" "Mozilla/4.0 (compatible; MSIE 9.0; Windows NT 6.1)"
222.186.46.59 - - [15/Jul/2019:17:48:18 -0700] "POST //pdf.php HTTP/1.1" 404 271 "http://www.secrepo.com//pdf.php" "Mozilla/4.0 (compatible; MSIE 9.0; Windows NT 6.1)"
40.77.167.110 - - [15/Jul/2019:17:49:37 -0700] "GET /self.logs/access.log.2017-08-15.gz HTTP/1.1" 200 57585 "-" "Mozilla/5.0 (compatible; bingbot/2.0; +http://www.bing.com/bingbot.htm)"
40.77.167.110 - - [15/Jul/2019:17:51:34 -0700] "GET /honeypot/honeypot%20-%20howto%20-%20bsides%20austin.pdf HTTP/1.1" 301 565 "-" "Mozilla/5.0 (iPhone; CPU iPhone OS 7_0 like Mac OS X) AppleWebKit/537.51.1 (KHTML, like Gecko) Version/7.0 Mobile/11A465 Safari/9537.53 (compatible; bingbot/2.0; +http://www.bing.com/bingbot.htm)"
216.244.66.245 - - [15/Jul/2019:17:51:40 -0700] "GET /self.logs/access.log.2017-02-16.gz HTTP/1.1" 200 17494 "-" "Mozilla/5.0 (compatible; DotBot/1.1; http://www.opensiteexplorer.org/dotbot, help@moz.com)"
216.244.66.245 - - [15/Jul/2019:17:51:41 -0700] "GET /self.logs/access.log.2017-09-21.gz HTTP/1.1" 200 33161 "-" "Mozilla/5.0 (compatible; DotBot/1.1; http://www.opensiteexplorer.org/dotbot, help@moz.com)"
216.244.66.245 - - [15/Jul/2019:17:51:43 -0700] "GET /self.logs/access.log.2017-09-23.gz HTTP/1.1" 200 26048 "-" "Mozilla/5.0 (compatible; DotBot/1.1; http://www.opensiteexplorer.org/dotbot, help@moz.com)"
66.249.65.126 - - [15/Jul/2019:17:51:43 -0700] "GET / HTTP/1.1" 301 475 "-" "Mozilla/5.0 (Linux; Android 6.0.1; Nexus 5X Build/MMB29P) AppleWebKit/537.36 (KHTML, like Gecko) Chrome/41.0.2272.96 Mobile Safari/537.36 (compatible; Googlebot/2.1; +http://www.google.com/bot.html)"
216.244.66.245 - - [15/Jul/2019:17:51:44 -0700] "GET /self.logs/access.log.2018-03-18.gz HTTP/1.1" 200 24833 "-" "Mozilla/5.0 (compatible; DotBot/1.1; http://www.opensiteexplorer.org/dotbot, help@moz.com)"
216.244.66.245 - - [15/Jul/2019:17:51:46 -0700] "GET /self.logs/access.log.2018-07-06.gz HTTP/1.1" 200 27905 "-" "Mozilla/5.0 (compatible; DotBot/1.1; http://www.opensiteexplorer.org/dotbot, help@moz.com)"
216.244.66.245 - - [15/Jul/2019:17:51:47 -0700] "GET /self.logs/error.log.2017-02-12.gz HTTP/1.1" 200 1074 "-" "Mozilla/5.0 (compatible; DotBot/1.1; http://www.opensiteexplorer.org/dotbot, help@moz.com)"
216.244.66.245 - - [15/Jul/2019:17:51:48 -0700] "GET /self.logs/error.log.2017-08-10.gz HTTP/1.1" 200 909 "-" "Mozilla/5.0 (compatible; DotBot/1.1; http://www.opensiteexplorer.org/dotbot, help@moz.com)"
216.244.66.245 - - [15/Jul/2019:17:51:50 -0700] "GET /self.logs/error.log.2018-06-21.gz HTTP/1.1" 200 5807 "-" "Mozilla/5.0 (compatible; DotBot/1.1; http://www.opensiteexplorer.org/dotbot, help@moz.com)"
207.46.13.205 - - [15/Jul/2019:17:51:57 -0700] "GET /Datasets%20Description/HTML_Bro_log_2/http.html HTTP/1.1" 200 1953 "-" "Mozilla/5.0 (compatible; bingbot/2.0; +http://www.bing.com/bingbot.htm)"
40.77.167.110 - - [15/Jul/2019:17:52:40 -0700] "GET /honeypot/honeypot%20-%20howto%20-%20bsides%20austin.pdf HTTP/1.1" 404 294 "-" "Mozilla/5.0 (iPhone; CPU iPhone OS 7_0 like Mac OS X) AppleWebKit/537.51.1 (KHTML, like Gecko) Version/7.0 Mobile/11A465 Safari/9537.53 (compatible; bingbot/2.0; +http://www.bing.com/bingbot.htm)"
216.244.66.245 - - [15/Jul/2019:17:54:07 -0700] "GET /self.logs/access.log.2015-05-20.gz HTTP/1.1" 404 250 "-" "Mozilla/5.0 (compatible; DotBot/1.1; http://www.opensiteexplorer.org/dotbot, help@moz.com)"
216.244.66.245 - - [15/Jul/2019:17:54:08 -0700] "GET /self.logs/access.log.2015-08-31.gz HTTP/1.1" 404 250 "-" "Mozilla/5.0 (compatible; DotBot/1.1; http://www.opensiteexplorer.org/dotbot, help@moz.com)"
216.244.66.245 - - [15/Jul/2019:17:54:09 -0700] "GET /self.logs/access.log.2016-04-01.gz HTTP/1.1" 404 250 "-" "Mozilla/5.0 (compatible; DotBot/1.1; http://www.opensiteexplorer.org/dotbot, help@moz.com)"
216.244.66.245 - - [15/Jul/2019:17:54:10 -0700] "GET /self.logs/access.log.2016-09-22.gz HTTP/1.1" 404 250 "-" "Mozilla/5.0 (compatible; DotBot/1.1; http://www.opensiteexplorer.org/dotbot, help@moz.com)"
216.244.66.245 - - [15/Jul/2019:17:54:11 -0700] "GET /self.logs/access.log.2016-10-20.gz HTTP/1.1" 404 250 "-" "Mozilla/5.0 (compatible; DotBot/1.1; http://www.opensiteexplorer.org/dotbot, help@moz.com)"
216.244.66.245 - - [15/Jul/2019:17:54:12 -0700] "GET /self.logs/error.log.2015-08-24.gz HTTP/1.1" 404 250 "-" "Mozilla/5.0 (compatible; DotBot/1.1; http://www.opensiteexplorer.org/dotbot, help@moz.com)"
216.244.66.245 - - [15/Jul/2019:17:54:13 -0700] "GET /self.logs/error.log.2015-09-16.gz HTTP/1.1" 404 250 "-" "Mozilla/5.0 (compatible; DotBot/1.1; http://www.opensiteexplorer.org/dotbot, help@moz.com)"
216.244.66.245 - - [15/Jul/2019:17:54:14 -0700] "GET /self.logs/error.log.2015-09-22.gz HTTP/1.1" 404 250 "-" "Mozilla/5.0 (compatible; DotBot/1.1; http://www.opensiteexplorer.org/dotbot, help@moz.com)"
216.244.66.245 - - [15/Jul/2019:17:54:15 -0700] "GET /self.logs/error.log.2016-12-29.gz HTTP/1.1" 404 250 "-" "Mozilla/5.0 (compatible; DotBot/1.1; http://www.opensiteexplorer.org/dotbot, help@moz.com)"
40.77.167.110 - - [15/Jul/2019:18:00:37 -0700] "GET /self.logs/access.log.2017-04-13.gz HTTP/1.1" 200 23066 "-" "Mozilla/5.0 (compatible; bingbot/2.0; +http://www.bing.com/bingbot.htm)"
207.46.13.205 - - [15/Jul/2019:18:00:44 -0700] "GET /self.logs/access.log.2017-02-11.gz HTTP/1.1" 200 35545 "-" "Mozilla/5.0 (compatible; bingbot/2.0; +http://www.bing.com/bingbot.htm)"
103.131.71.129 - - [15/Jul/2019:18:00:56 -0700] "GET /robots.txt HTTP/1.1" 200 251 "-" "Mozilla/5.0 (compatible; coccocbot-web/1.0; +http://help.coccoc.com/searchengine)"
103.131.71.128 - - [15/Jul/2019:18:00:58 -0700] "GET / HTTP/1.1" 200 12502 "-" "Mozilla/5.0 (compatible; coccocbot-web/1.0; +http://help.coccoc.com/searchengine)"
36.110.147.76 - - [15/Jul/2019:18:02:24 -0700] "GET /robots.txt HTTP/1.1" 200 251 "-" "Sogou web spider/4.0(+http://www.sogou.com/docs/help/webmasters.htm#07)"
113.171.224.176 - - [15/Jul/2019:18:07:24 -0700] "GET /honeypot/Honeypot%20-%20Howto.pdf HTTP/1.1" 200 61320 "-" "Mozilla/5.0 Gecko/20100115 Firefox/3.6"
106.38.241.110 - - [15/Jul/2019:18:19:14 -0700] "GET /robots.txt HTTP/1.1" 200 251 "-" "Sogou web spider/4.0(+http://www.sogou.com/docs/help/webmasters.htm#07)"
106.38.241.110 - - [15/Jul/2019:18:19:15 -0700] "GET / HTTP/1.1" 200 12502 "-" "Sogou web spider/4.0(+http://www.sogou.com/docs/help/webmasters.htm#07)"
172.93.51.252 - - [15/Jul/2019:18:20:16 -0700] "GET / HTTP/1.0" 301 438 "-" "Mozilla/5.0 (iPad; U; CPU OS 3_2 like Mac OS X; en-us) AppleWebKit/531.21.10 (KHTML, like Gecko) Version/4.0.4 Mobile/7B334b Safari/531.21.102011-10-16 20:23:10"
172.93.51.252 - - [15/Jul/2019:18:20:16 -0700] "GET / HTTP/1.0" 200 46409 "-" "Mozilla/5.0 (iPad; U; CPU OS 3_2 like Mac OS X; en-us) AppleWebKit/531.21.10 (KHTML, like Gecko) Version/4.0.4 Mobile/7B334b Safari/531.21.102011-10-16 20:23:10"
209.15.209.89 - - [15/Jul/2019:18:23:45 -0700] "HEAD / HTTP/1.1" 200 273 "-" "-"
66.232.236.102 - - [15/Jul/2019:18:23:45 -0700] "GET / HTTP/1.1" 200 12539 "https://www.researchgate.net/" "Mozilla/5.0 (Windows NT 6.1; Win64; x64) AppleWebKit/537.36 (KHTML, like Gecko) Chrome/75.0.3770.100 Safari/537.36"
66.232.236.102 - - [15/Jul/2019:18:23:45 -0700] "GET /twitter-icon.png HTTP/1.1" 200 27787 "http://www.secrepo.com/" "Mozilla/5.0 (Windows NT 6.1; Win64; x64) AppleWebKit/537.36 (KHTML, like Gecko) Chrome/75.0.3770.100 Safari/537.36"
66.232.236.102 - - [15/Jul/2019:18:23:45 -0700] "GET /GitHub-Mark.png HTTP/1.1" 200 7427 "http://www.secrepo.com/" "Mozilla/5.0 (Windows NT 6.1; Win64; x64) AppleWebKit/537.36 (KHTML, like Gecko) Chrome/75.0.3770.100 Safari/537.36"
66.232.236.102 - - [15/Jul/2019:18:23:49 -0700] "GET /bootstrap/img/favicon.ico HTTP/1.1" 200 624 "http://www.secrepo.com/" "Mozilla/5.0 (Windows NT 6.1; Win64; x64) AppleWebKit/537.36 (KHTML, like Gecko) Chrome/75.0.3770.100 Safari/537.36"
161.253.2.247 - - [15/Jul/2019:18:24:36 -0700] "GET / HTTP/1.1" 200 12539 "-" "Mozilla/5.0 (Windows NT 10.0; Win64; x64) AppleWebKit/537.36 (KHTML, like Gecko) Chrome/75.0.3770.142 Safari/537.36"
161.253.2.247 - - [15/Jul/2019:18:24:37 -0700] "GET /twitter-icon.png HTTP/1.1" 200 27787 "http://www.secrepo.com/" "Mozilla/5.0 (Windows NT 10.0; Win64; x64) AppleWebKit/537.36 (KHTML, like Gecko) Chrome/75.0.3770.142 Safari/537.36"
